*t + 30 = 4*u, 3*t = 8*t - 10. Suppose -5*d = z - 9, -2*z - d + 13 = -u. List the prime factors of z.
3
Suppose -w - 18 = -0. Let s = w + 25. Suppose -2*p + s + 3 = 0. List the prime factors of p.
5
Let t be 21/35 + 6/(-10). Suppose t*k - 11 = 4*k + 5*l, -4*k + 4*l + 16 = 0. List the prime factors of 7*k*12/14.
2, 3
Suppose -4*o = o - 15. Let m = 27 - o. List the prime factors of (m/20)/(2/5).
3
Suppose 0 = -5*r + 3*r. Let y(g) = -g - 12. Let t be y(r). List the prime factors of -2*(-2)/(t/(-27)).
3
Let c = 20 + -52. Let v = -23 - c. List the prime factors of v.
3
Let w(j) = 2*j - 4. Suppose -12 - 3 = 3*n. Let g be w(n). Let q = 28 + g. List the prime factors of q.
2, 7
Suppose -4*y - 2794 = -15*y. List the prime factors of y.
2, 127
Let x = -4 - 26. Let j = x - -71. List the prime factors of j.
41
Suppose 0 = -o + 96 + 20. What are the prime factors of o?
2, 29
Let g = 10 + -12. Let m(s) = s**2 - 2. List the prime factors of m(g).
2
Let u = 40 - 4. What are the prime factors of u?
2, 3
Let q(k) be the first derivative of -k**2/2 + 7*k + 1. Let c be q(9). What are the prime factors of (-23)/(-3) - c/(-3)?
7
Suppose -5*a + 28 = -2*s, 2*a = a - 5*s + 11. List the prime factors of a*-2*1*-1.
2, 3
Let r(m) = m**2 + 6*m - 5. Suppose -j = -19 + 6. Let k = 4 - j. List the prime factors of r(k).
2, 11
Suppose p - 4*x = 4*p - 5, -13 = -5*p - 2*x. Suppose -5*h + h + 6 = g, -4*g - p*h = -37. List the prime factors of g.
2, 5
Let u = 1 + -5. Let d(j) = -j**3 - 3*j**2 + j - 5. List the prime factors of d(u).
7
Let p be (304/(-20))/((-1)/5). Suppose 5*i = -21 + p. What are the prime factors of i?
11
Let y be (1*5)/(3/6). Let l = -7 + y. Suppose 0 = -3*r - l*a + 3, -a - 20 = 3*a. What are the prime factors of r?
2, 3
Suppose -g + 5 = -0*g. Suppose -2*q = 2*p + 1 - 7, -3*q = g*p - 21. What are the prime factors of p?
2, 3
Suppose -5*b + 233 - 47 = -4*i, 2*i + 110 = 3*b. List the prime factors of b.
2, 17
Let y be (-2)/(-1) - (-2 - -24). Let p = -4 - y. List the prime factors of (p/10)/(1/5).
2
Let r(v) = v - 4. Let u be r(6). Suppose u*c = -2*x - 6, -1 = c - 3*x - 14. What are the prime factors of 5 - (c - (0 - 1))?
3
Let g = -2 - -12. What are the prime factors of g?
2, 5
Suppose -3*m = -2*h - h - 21, -5 = -m. Let z = -30 + 46. What are the prime factors of (h/4)/((-2)/z)?
2
Let t(c) = -c. List the prime factors of t(-7).
7
List the prime factors of (-21)/(-14) + (-42)/4*-25.
2, 3, 11
Let r(a) = 3*a**2 + 4*a + 3. Let w(b) = 2*b + 2. Let g be w(2). Let f be g/(-27) + 16/(-9). List the prime factors of r(f).
7
Let d be (15/9)/(-5)*-87. Suppose d = 5*p - 11. List the prime factors of p.
2
Suppose 2*c + 1123 = 5*b - 2*c, b - 233 = 5*c. List the prime factors of b.
223
Let d(o) = o**3 + 8*o**2 + 5*o - 5. What are the prime factors of d(-7)?
3
Let l be 81/15 + (-2)/5. Let i = -6 + l. List the prime factors of (-8 - (i - 0))*-1.
7
Suppose 0 = -5*z - 2*d + 300, -5*d = 5*z - 8*d - 300. What are the prime factors of z?
2, 3, 5
Suppose 0 = p - 5*n - 2, -22 + 10 = -4*n. Let y = p + -5. What are the prime factors of y?
2, 3
Let p = -68 + -8. Let o be 2/(-5) - p/(-10). Let r = 20 + o. List the prime factors of r.
2, 3
Let y(g) = 4*g - 1. Let r = 0 + 3. Suppose 0 = r*b - b - 8. What are the prime factors of y(b)?
3, 5
Let t be (25/(-2) + 0)*4. Let f = 80 + t. List the prime factors of f.
2, 3, 5
Suppose l + 1 = -4. Let i(t) = -t**2 - 5*t + 5. What are the prime factors of i(l)?
5
Suppose -4*j + 10 = 5*a - 0, 0 = 3*j. Let x = a - 2. Suppose x = 4*c - 101 + 41. What are the prime factors of c?
3, 5
What are the prime factors of (-400)/(-18) + (-4)/18?
2, 11
Let x(i) = -i**3 + 13*i**2 + 9*i - 2. Let z be x(13). Suppose 5*o + 0*c = c + 180, 3*o - 2*c - z = 0. List the prime factors of o.
5, 7
List the prime factors of 539/22 + (-6)/4.
23
Suppose 5*f = -9 + 34. Suppose j + 0*j = f. List the prime factors of j.
5
Let o(d) = -d**2 + 20*d - 1. What are the prime factors of o(12)?
5, 19
Let o(q) = q**2 + 4*q + 13. Let c be o(-6). Suppose -2*z + c + 13 = y, -37 = -y - z. What are the prime factors of y?
2, 3
Suppose -2*s + 5*b + 245 = 0, -3*s + b + 377 = 3*b. What are the prime factors of s?
5
List the prime factors of (2 - -9)*(-55)/(-5)*2.
2, 11
Let p(t) = t**2 + 8*t - 2. Let x be p(-7). Let c = 12 - x. List the prime factors of c.
3, 7
Let f(k) = 85*k**2. Let y be f(1). Suppose 5*j = 5*u - y, 3*j - 5 - 16 = -3*u. What are the prime factors of u?
2, 3
Let y = 4 + -1. Let s be (-1)/(-3) + (-69)/(-9). Suppose -x + y + s = 0. List the prime factors of x.
11
Suppose 5*d + 4*z + 422 = 0, -2*d - 179 = -0*z + 5*z. Let y = 122 + d. Suppose 0*k = 4*k - y. List the prime factors of k.
2, 5
Suppose r - 1 = 1. Suppose -2*m = -5*z - 16, -r*z - 3*m - 15 + 1 = 0. Let a = -2 - z. List the prime factors of a.
2
Suppose 0 = 2*t - 7*t. Let h be 1 + t + (-13)/1. What are the prime factors of 74/6 - (-4)/h?
2, 3
Let k be (-345)/27 - (-4)/(-18). Let i = -1 - k. What are the prime factors of i?
2, 3
Let m be ((-1)/3)/((-6)/72). Suppose 3*d - m = 2. Suppose d*n + 3*p = 12, 0*n - 5*n + 5*p = -80. List the prime factors of n.
2, 3
Suppose -u + 4*h + 3 = -15, u - 3*h - 14 = 0. Suppose u = 2*k - 18. List the prime factors of k.
2, 5
What are the prime factors of (209 - -2) + (-3 - -4) + -5?
3, 23
Let o = -3 + 5. Suppose -4*p = -3*c - 4 - 5, 2*c = -5*p + 17. Suppose p*k = -0*s + o*s + 39, 6 = -2*s. What are the prime factors of k?
11
Let l be (7/2)/(1/2). Suppose l = 3*g - 20. What are the prime factors of g?
3
Let d be (-20)/(-6) + 1/(-3). Suppose -18 = x - 7*x. Suppose -4*t + a + 72 = -d*a, x*t + a = 34. List the prime factors of t.
13
Suppose -4*j + 136 = 5*a, -5*j - 6*a + 157 = -3*a. Let m = 7 - j. Let p = -11 - m. What are the prime factors of p?
11
Suppose 0 = -3*g + 2*q + 128, 1 + 9 = 5*q. List the prime factors of g.
2, 11
Let s be -18*1/((-2)/15). Suppose 5*f = -0*f + s. What are the prime factors of f?
3
Let h = -36 + 50. What are the prime factors of h?
2, 7
Let q(f) = -59*f**3 - f**2 - f. List the prime factors of q(-1).
59
Let l(p) = 3*p**2 + 9*p + 40. List the prime factors of l(8).
2, 19
Suppose 0 = q - 4*q. Suppose q = 4*x + 5*u - 71, -x = 3*x + 3*u - 65. List the prime factors of x.
2, 7
Suppose i - 160 = -4*i. Let d be ((-229)/11 - 0) + (-2)/11. Let x = d + i. What are the prime factors of x?
11
Suppose -184 = -0*b + 4*b. Let s = -32 - b. Suppose -s = -3*v + 2*h, 5*v - 6*h - 25 = -3*h. List the prime factors of v.
2
Let c = -58 + 67. What are the prime factors of c?
3
What are the prime factors of ((-203)/14)/((-2)/4)?
29
Let f(v) = -v + 1. What are the prime factors of f(-1)?
2
Let s(v) = -v**3 + 4*v**2 + 5*v + 3. Let x be s(5). Suppose -x*p - 3*f = 27, -41 + 0 = 5*p + 4*f. Let z = -3 - p. What are the prime factors of z?
2
List the prime factors of (230/207)/(2/18).
2, 5
Let v = 220 + -70. List the prime factors of v.
2, 3, 5
Suppose 5*y = 5*k - 10, -3*k + 6 = -8*k + y. Let m(p) = 1 + 8*p**3 + 4*p - 9*p**3 - p. What are the prime factors of m(k)?
3
Suppose 0*x - 684 = -9*x. List the prime factors of x.
2, 19
Suppose -5*o + 223 - 43 = 0. List the prime factors of o.
2, 3
Let l(d) = 2*d - 2. Let m be l(2). Suppose m*f = -3*f + 90. What are the prime factors of f?
2, 3
Suppose 2*f - 16 = -2*u, u - 12 = -5*f - 0. Suppose 3*t - u = -1. List the prime factors of ((-3)/6)/(t/(-32)).
2
Let r = -32 + 34. What are the prime factors of r?
2
Suppose -2*m = -23 - 11. What are the prime factors of m?
17
Suppose 0 = 6*i - i - 160. List the prime factors of i.
2
Suppose l - 4*o = 151, 5*o - 38 = -2*l + 290. What are the prime factors of l?
3, 53
Let t(l) = l**3 + 5*l**2 + 4*l - 1. Let j be t(-3). Suppose j*r - 2 = 8. List the prime factors of r.
2
Let l(y) = -y**3 - 5*y**2 - 6*y - 3. Let r be l(-4). Suppose -3 = r*v - 2*v, 5*h + 2*v = 38. Suppose h*f - 3*f - 10 = 0. What are the prime factors of f?
2
Let a(w) = 4*w + 14. List the prime factors of a(6).
2, 19
Let v(q) = -q**2 + 5*q - 1. Let j be v(4). Let u = j - 3. What are the prime factors of 1/(2/4 - u)?
2
Let p(q) = -q**2 + 7*q - 3. List the prime factors of p(5).
7
Suppose -2*l - 4*l + 42 = 0. List the prime factors of l.
7
List the prime factors of (-148)/(-6) + 16/12.
2, 13
Let p(f) = f - 1. Let d be p(6). What are the prime factors of 47 - d 